{"id":9359,"date":"2024-07-26T14:31:53","date_gmt":"2024-07-26T19:31:53","guid":{"rendered":"https:\/\/greencupones.com\/web\/?page_id=9359"},"modified":"2024-07-26T14:38:54","modified_gmt":"2024-07-26T19:38:54","slug":"autorizacion-de-tratmiento-de-datos-personales","status":"publish","type":"page","link":"https:\/\/greencupones.com\/web\/autorizacion-de-tratmiento-de-datos-personales\/","title":{"rendered":"Autorizaci\u00f3n de Tratamiento de datos personales"},"content":{"rendered":"\t\t<div data-elementor-type=\"wp-page\" data-elementor-id=\"9359\" class=\"elementor elementor-9359\">\n\t\t\t\t\t\t\t        <section class=\"elementor-section elementor-top-section elementor-element elementor-element-9aed135 elementor-section-boxed elementor-section-height-default elementor-section-height-default ct-header-fixed-none ct-row-max-none\" data-id=\"9aed135\" data-element_type=\"section\">\n            \n                        <div class=\"elementor-container elementor-column-gap-default \">\n                    <div class=\"elementor-column elementor-col-100 elementor-top-column elementor-element elementor-element-79c84a7\" data-id=\"79c84a7\" data-element_type=\"column\">\n            <div class=\"elementor-widget-wrap elementor-element-populated\">\n                        \t\t<div class=\"elementor-element elementor-element-62d37d0 elementor-widget elementor-widget-ct_heading\" data-id=\"62d37d0\" data-element_type=\"widget\" data-widget_type=\"ct_heading.default\">\n\t\t\t\t<div class=\"elementor-widget-container\">\n\t\t\t<div id=\"ct_heading-62d37d0\" class=\"ct-heading h-align-center sub-style1 ct-heading-left item-st-default\">\r\n\t<div class=\"ct-item--inner\">\r\n        <div class=\"ct-inline-css\"  data-css=\"\r\n            \">\r\n        <\/div>\r\n            \t\t<div class=\"item--sub-title style1 hide-line\">\r\n                                                Colombia                                                                    <div class=\"sub-divider-image\"><img decoding=\"async\" width=\"72\" height=\"11\" src=\"https:\/\/greencupones.com\/web\/wp-content\/uploads\/2021\/12\/h6-sub-divider-img.png\" class=\"attachment-full\" alt=\"\" \/><\/div>\r\n                            <\/div>\r\n    \t        <h3 class=\"item--title st-default case-animate-time\" data-wow-delay=\"ms\">\r\n                        <span class=\"sp-main\">\r\n                \r\n                Autorizaci\u00f3n de Tratamiento de datos personales Usuarios         <cite class=\"ct-text-highlight\">\r\n            GreenCupones        <\/cite>\r\n        \r\n                \r\n                            <\/span>\r\n                    <\/h3>\r\n    <\/div>\r\n<\/div>\t\t<\/div>\n\t\t\t\t<\/div>\n\t\t\t\t<div class=\"elementor-element elementor-element-743456d elementor-widget elementor-widget-ct_text_editor\" data-id=\"743456d\" data-element_type=\"widget\" data-widget_type=\"ct_text_editor.default\">\n\t\t\t\t<div class=\"elementor-widget-container\">\n\t\t\t<div id=\"ct_text_editor-743456d\" class=\"ct-text-editor \" data-wow-delay=\"ms\">\n\t<div class=\"ct-item--inner\">\n\t\t<div class=\"ct-inline-css\"  data-css=\"\n\t        \t\t\t\">\n\n\t    <\/div>\n\t\t<div class=\"ct-text-editor elementor-clearfix\">\n\t\t\t<p>Para Greenpublicidad S.A.S., sociedad debidamente constituida bajo las normas de la Rep\u00fablica de Colombia, identificada con Nit No. 900.527.455-5 (en adelante, \u201c<strong>GREENCUPONES<\/strong>\u201d), proteger la privacidad de sus usuarios es muy importante. Por lo tanto, <strong>GREENCUPONES <\/strong>da estricto cumplimiento a lo dispuesto en la Ley Estatutaria 1581 de 2012, reglamentada parcialmente por los Decretos 1377 de 2013 y Decreto 886 de 2014, normas compiladas en el Decreto \u00danico Nacional del Sector Comercio, Industria y Turismo 1074 de 2015 y aquellas normas que lo modifiquen. <strong>GREENCUPONES <\/strong>le informa que sus datos ser\u00e1n tratados conforme a la <strong>POL\u00cdTICA<\/strong> <strong>DE TRATAMIENTO DE DATOS PERSONALES<\/strong> que se encuentra publicada tanto en la plataforma virtual\u00a0<\/p><p>En este caso <strong>GREENCUPONES <\/strong>act\u00faa como Responsable del Tratamiento de los Datos Personales, por lo que mantendr\u00e1 almacenados estos datos y guardar\u00e1 su confidencialidad atendiendo los requisitos y medidas de seguridad exigidos por la ley.<\/p><p>El tratamiento que le dar\u00e1 <strong>GREENCUPONES <\/strong>a los datos personales recolectados (nombres y apellidos, n\u00famero celular, direcci\u00f3n, correo electr\u00f3nico, n\u00famero de c\u00e9dula, fecha de nacimiento, g\u00e9nero) se limitar\u00e1 a la recolecci\u00f3n, almacenamiento, uso, circulaci\u00f3n mediante el uso de servidores que pueden estar ubicados en el exterior de acceso exclusivo de GREENCUPONES, de su controlante, otras subordinadas o de sus proveedores, para las finalidades descritas en esta autorizaci\u00f3n, por medio de las aplicaciones m\u00f3viles, sitios web y otros productos y servicios online.\u00a0 Una vez se cumplan con las finalidades del tratamiento para la cual se otorg\u00f3 autorizaci\u00f3n por parte del titular, los datos personales ser\u00e1n suprimidos de las bases de datos de <strong>GREENCUPONES.<\/strong><\/p><p>Finalidades de Tratamiento: El titular de la informaci\u00f3n acepta de manera expresa, voluntaria e informada el tratamiento de sus datos personales y para que estos sean consignados, sean recopilados y almacenados en las bases de datos de <strong>GREENCUPONES <\/strong>conforme a las finalidades que a continuaci\u00f3n se enuncian:<\/p><p>(i) Recabar o recolectar los datos personales e incorporarlos y almacenarlos en nuestra base de datos;<\/p><p>(ii) Ordenar, catalogar, clasificar, dividir o separar la informaci\u00f3n suministrada;<\/p><p>(iii) Utilizar los datos suministrados en campa\u00f1as de comunicaci\u00f3n, divulgaci\u00f3n y promoci\u00f3n u oferta de productos, actividades y\/o servicios desarrollados como parte de estrategias internas de la compa\u00f1\u00eda;<\/p><p>(iv) Conservar registros hist\u00f3ricos de la compa\u00f1\u00eda y mantener contacto con los titulares del dato;<\/p><p>(v) Verificar, comprobar o validar los datos suministrados;<\/p><p>(vi) Estudiar y analizar la informaci\u00f3n entregada para el seguimiento y mejoramiento de los productos, el servicio y la atenci\u00f3n;<\/p><p>(vii) Entregar la informaci\u00f3n recolectada a terceros con los que la compa\u00f1\u00eda contrate el almacenamiento y administraci\u00f3n de los datos personales, bajo los est\u00e1ndares de seguridad y confidencialidad a los cuales <strong>GREENCUPONESI<\/strong> est\u00e1 obligada seg\u00fan lo contenido en las leyes pertinentes;<\/p><p>(viii)Transferir los datos personales a cualquier ciudad, pa\u00eds o servidor en otra ciudad o pa\u00eds;<\/p><p>(ix) Comunicar y permitir el acceso a los datos personales suministrados a terceros proveedores de servicios de apoyo general y a las personas naturales o jur\u00eddicas accionistas de <strong>GREENCUPONES<\/strong>;<\/p><p>(x) Recabar, tener, manejar y utilizar la informaci\u00f3n para realizar control y prevenci\u00f3n del fraude, control y prevenci\u00f3n de lavado de activos y financiaci\u00f3n del terrorismo;<\/p><p>(xi) Celebraci\u00f3n, ejecuci\u00f3n y gesti\u00f3n de las propuestas de negocios y contratos objeto de los servicios prestados;<\/p><p>(xii) Realizar de conformidad con la ley los reportes a centrales de riesgo por incumplimiento de las obligaciones financieras derivadas de la relaci\u00f3n comercial;<\/p><p>(xiii) Env\u00edo de comunicaciones a trav\u00e9s de cualquier canal incluyendo pero, sin limitarse a, redes sociales, mensajes de texto, notificaciones push, correo electr\u00f3nico, llamada telef\u00f3nica, etc., relacionadas con el objeto social de <strong>GREENCUPONES <\/strong>tales como actividades de mercadeo y\/o cualquier solicitud realizada por el titular a<strong> GREENCUPONES<\/strong>, entre otros;<\/p><p>(xiv) Prestar los servicios ofrecidos y\/o contratados de forma adecuada y con una excelente calidad;<\/p><p>(xv) Creaci\u00f3n y administraci\u00f3n de la cuenta del usuario;<\/p><p>(xvi) Prestar el mantenimiento, desarrollo y\/o control de la relaci\u00f3n comercial entre el usuario y <strong>GREENCUPONES<\/strong>;<\/p><p>(xvii) Proveer a los usuarios de la informaci\u00f3n necesaria, a trav\u00e9s de la p\u00e1gina Web y\/o plataforma de contacto, sobre los productos de los oferentes, para formalizar la relaci\u00f3n de consumo de dichos productos;<\/p><p>(xviii) Realizar procesos al interior de la empresa, con fines de desarrollo operativo y\/o de administraci\u00f3n de sistemas;<\/p><p>(xix) Prestar los servicios de la empresa y realizar el seguimiento de acuerdo con las necesidades particulares del usuario, con el fin de brindar los servicios y productos adecuados para cubrir sus necesidades espec\u00edficas;<\/p><p>(xx) Llevar un registro hist\u00f3rico de la informaci\u00f3n, con fines de satisfacci\u00f3n al usuario, desarrollando an\u00e1lisis sobre los intereses y necesidades; brindando de esta manera un mejor servicio;<\/p><p>(xxi) Realizar estrategias de mercado mediante el estudio del comportamiento del usuario frente a las ofertas y con ello mejorar en su contenido, personalizando presentaci\u00f3n y servicio;<\/p><p>(xxii) Elaboraci\u00f3n de prospecciones comerciales y segmentaci\u00f3n de mercados;<\/p><p>(xxiii) Realizar encuestas de satisfacci\u00f3n y ofrecimiento o reconocimiento de beneficios propios de nuestro programa de lealtad y servicio postventa, para calificar el servicio y la atenci\u00f3n por medio de los canales dispuestos para ello;<\/p><p>(xxiv) Adelantar las actividades necesarias para gestionar las solicitudes, quejas y reclamos de los usuarios de la empresa o terceros y direccionarlos a las \u00e1reas responsables de emitir las respuestas correspondientes;<\/p><p>(xxv) Presentar reportes ante las autoridades de inspecci\u00f3n, vigilancia y control, y tramitar los requerimientos realizados por entidades administrativas o judiciales;<\/p><p>(xxvi) Gesti\u00f3n contable, econ\u00f3mica, fiscal y administrativa de usuarios;<\/p><p>(xxvii) Conservaci\u00f3n de la informaci\u00f3n por los t\u00e9rminos establecidos en la Ley, especialmente el referente a la informaci\u00f3n de los libros y papeles del comerciante que deber\u00e1 ser almacenada por un per\u00edodo de diez (10) a\u00f1os, seg\u00fan lo dispone el art\u00edculo 28 de la Ley 962 de 2005;<\/p><p>(xxviii)Transferencia o Transmisi\u00f3n de Datos Personales nacional o internacionalmente a terceros con los que <strong>GREENCUPONESI<\/strong> desarrolle actividades en cumplimiento de su objeto social. Asimismo, se podr\u00e1 hacer Transmisi\u00f3n o Transferencia a los aliados estrat\u00e9gicos de la empresa para que ejecuten actividades de marketing, publicidad y promociones asociadas con el objeto social; todo de acuerdo con las disposiciones de la normativa colombiana;<\/p><p>(xxix) Remitir informaci\u00f3n a los Encargados del Tratamiento para facilitar y mejorar la calidad del servicio de GREENCUPONES;<\/p><p>(xxx) Solicitar la autorizaci\u00f3n de cobro ante las entidades definidas y autorizadas para ello.<\/p><p><strong>GREENCUPONES <\/strong>podr\u00e1 transmitir o transferir a terceros los datos personales de los que es Responsable. Los datos tambi\u00e9n podr\u00e1n ser transferidos a otras empresas que se encuentren bajo la misma \u00f3rbita de control de <strong>GREENCUPONES<\/strong>. Dichos terceros podr\u00e1n estar ubicados en Colombia, o en otros pa\u00edses que, a juicio de la Superintendencia de Industria y Comercio, garanticen un nivel adecuado de protecci\u00f3n de datos personales. As\u00ed mismo, el Titular autoriza a GREENCUPONES a transferir y transmitir sus datos personales a terceros aliados comerciales de GREENCUPONES que ofrecen sus productos y servicios en la Plataforma de GREENCUPONES, con el fin de hacer eficiente el contacto entre el Titular y el aliado comercial, en los t\u00e9rminos del art\u00edculo 53 de la Ley 1480 de 2011.<\/p><p><strong>Derechos que le asisten al Titular: <\/strong>En caso en que el Titular de informaci\u00f3n otorgue autorizaci\u00f3n a <strong>GREENCUPONES <\/strong>para el tratamiento y procesamiento de sus datos personales, los titulares de informaci\u00f3n tendr\u00e1n los siguientes derechos:(i) Conocer, actualizar y rectificar y\/o suprimir sus datos personales recolectados por <strong>GREENCUPONES<\/strong>. Este derecho se puede ejercer entre otros frente a datos parciales, inexactos, incompletos, fraccionados o que induzcan al error, (ii) Solicitar prueba de la autorizaci\u00f3n otorgada a <strong>GREENCUPONES<\/strong>, (iii) Ser informado por <strong>GREENCUPONES<\/strong>, previa solicitud, respecto del uso que le han dado a los datos del titular, (iv) Presentar ante la Superintendencia de Industria y Comercio quejas por infracciones a lo dispuesto en la ley, (v) Revocar en cualquier tiempo la autorizaci\u00f3n\u00a0 de tratamiento de datos personales, teniendo en cuenta los l\u00edmites legales para ello, (vi) Acceder en forma gratuita a los datos del titular\u00a0 contenidos en la base de datos de <strong>GREENCUPONES<\/strong>.<\/p><p><strong>Forma de<\/strong> <strong>conocer la informaci\u00f3n del Titular y c\u00f3mo ejercer los derechos<\/strong>: <strong>GREENCUPONES <\/strong>presenta a elecci\u00f3n del Titular las siguientes formas de ejercer sus derechos de \u201c<em>Habeas Data<\/em>\u201d:<\/p><ol><li><strong>Atenci\u00f3n electr\u00f3nica<\/strong>: El Titular del dato podr\u00e1 realizar la solicitud a trav\u00e9s del Centro de Ayuda disponible en la plataforma de contacto GREENCUPONES.<\/li><li><strong>Atenci\u00f3n escrita: <\/strong>El Titular del dato deber\u00e1 realizar su requerimiento formal en la direcci\u00f3n <u>Calle 47NORTE # 3A -13, CALI V,. Colombia<\/u>, acreditando de forma previa y suficiente su identidad.<\/li><li><strong>SIC Facilita: <\/strong>El Titular tiene la posibilidad de acudir al canal dispuesto por la Superintendencia de Industria y Comercio.<\/li><\/ol><p>Se podr\u00e1 acceder a los Datos Personales si se cumple alguna las condiciones establecidas a continuaci\u00f3n:<\/p><ol><li>Ser Titular de la informaci\u00f3n, acreditando la identidad en forma suficiente mediante cualquier medio que <strong>GREENCUPONES <\/strong>disponga para ello.<\/li><li>Ser causahabiente, quien deber\u00e1 acreditar tal calidad.<\/li><li>Ser el representante\/apoderado del Titular de la informaci\u00f3n, quien deber\u00e1 acreditar tal calidad.<\/li><\/ol><p><span style=\"font-weight: 400\">\u00a0<\/span><\/p>\t\t\n\t\t<\/div>\n\t<\/div>\n<\/div>\t\t<\/div>\n\t\t\t\t<\/div>\n\t\t            <\/div>\n        <\/div>\n                            <\/div>\n        <\/section>\n        \t\t\t\t\t<\/div>\n\t\t","protected":false},"excerpt":{"rendered":"<p>Colombia Autorizaci\u00f3n de Tratamiento de datos personales Usuarios GreenCupones Para Greenpublicidad S.A.S., sociedad debidamente constituida bajo las normas de la Rep\u00fablica de Colombia, identificada con Nit No. 900.527.455-5 (en adelante, \u201cGREENCUPONES\u201d), proteger la privacidad de sus usuarios es muy importante. Por lo tanto, GREENCUPONES da estricto cumplimiento a lo dispuesto en la Ley Estatutaria 1581 [&hellip;]<\/p>\n","protected":false},"author":1,"featured_media":0,"parent":0,"menu_order":0,"comment_status":"closed","ping_status":"closed","template":"","meta":{"_joinchat":[],"footnotes":""},"class_list":["post-9359","page","type-page","status-publish","hentry"],"_links":{"self":[{"href":"https:\/\/greencupones.com\/web\/wp-json\/wp\/v2\/pages\/9359","targetHints":{"allow":["GET"]}}],"collection":[{"href":"https:\/\/greencupones.com\/web\/wp-json\/wp\/v2\/pages"}],"about":[{"href":"https:\/\/greencupones.com\/web\/wp-json\/wp\/v2\/types\/page"}],"author":[{"embeddable":true,"href":"https:\/\/greencupones.com\/web\/wp-json\/wp\/v2\/users\/1"}],"replies":[{"embeddable":true,"href":"https:\/\/greencupones.com\/web\/wp-json\/wp\/v2\/comments?post=9359"}],"version-history":[{"count":4,"href":"https:\/\/greencupones.com\/web\/wp-json\/wp\/v2\/pages\/9359\/revisions"}],"predecessor-version":[{"id":9367,"href":"https:\/\/greencupones.com\/web\/wp-json\/wp\/v2\/pages\/9359\/revisions\/9367"}],"wp:attachment":[{"href":"https:\/\/greencupones.com\/web\/wp-json\/wp\/v2\/media?parent=9359"}],"curies":[{"name":"wp","href":"https:\/\/api.w.org\/{rel}","templated":true}]}}