{"id":8279,"date":"2022-04-01T14:47:59","date_gmt":"2022-04-01T19:47:59","guid":{"rendered":"https:\/\/greencupones.com\/web\/?page_id=8279"},"modified":"2024-07-26T14:19:42","modified_gmt":"2024-07-26T19:19:42","slug":"terminos-y-condiciones","status":"publish","type":"page","link":"https:\/\/greencupones.com\/web\/terminos-y-condiciones\/","title":{"rendered":"T\u00e9rminos y Condiciones"},"content":{"rendered":"\t\t<div data-elementor-type=\"wp-page\" data-elementor-id=\"8279\" class=\"elementor elementor-8279\">\n\t\t\t\t\t\t\t        <section class=\"elementor-section elementor-top-section elementor-element elementor-element-36bb627 elementor-section-boxed elementor-section-height-default elementor-section-height-default ct-header-fixed-none ct-row-max-none\" data-id=\"36bb627\" data-element_type=\"section\">\n            \n                        <div class=\"elementor-container elementor-column-gap-default \">\n                    <div class=\"elementor-column elementor-col-100 elementor-top-column elementor-element elementor-element-135939a\" data-id=\"135939a\" data-element_type=\"column\">\n            <div class=\"elementor-widget-wrap elementor-element-populated\">\n                        \t\t<div class=\"elementor-element elementor-element-66717b6 elementor-widget elementor-widget-ct_heading\" data-id=\"66717b6\" data-element_type=\"widget\" data-widget_type=\"ct_heading.default\">\n\t\t\t\t<div class=\"elementor-widget-container\">\n\t\t\t<div id=\"ct_heading-66717b6\" class=\"ct-heading h-align-center sub-style1 ct-heading-left item-st-default\">\r\n\t<div class=\"ct-item--inner\">\r\n        <div class=\"ct-inline-css\"  data-css=\"\r\n            \">\r\n        <\/div>\r\n            \t\t<div class=\"item--sub-title style1 hide-line\">\r\n                                                Colombia                                                                    <div class=\"sub-divider-image\"><img decoding=\"async\" width=\"72\" height=\"11\" src=\"https:\/\/greencupones.com\/web\/wp-content\/uploads\/2021\/12\/h6-sub-divider-img.png\" class=\"attachment-full\" alt=\"\" \/><\/div>\r\n                            <\/div>\r\n    \t        <h3 class=\"item--title st-default case-animate-time\" data-wow-delay=\"ms\">\r\n                        <span class=\"sp-main\">\r\n                \r\n                T\u00e9rminos y Condiciones de Uso de la Plataforma          <cite class=\"ct-text-highlight\">\r\n            GreenCupones        <\/cite>\r\n        \r\n                \r\n                            <\/span>\r\n                    <\/h3>\r\n    <\/div>\r\n<\/div>\t\t<\/div>\n\t\t\t\t<\/div>\n\t\t\t\t<div class=\"elementor-element elementor-element-1636041 elementor-widget elementor-widget-ct_text_editor\" data-id=\"1636041\" data-element_type=\"widget\" data-widget_type=\"ct_text_editor.default\">\n\t\t\t\t<div class=\"elementor-widget-container\">\n\t\t\t<div id=\"ct_text_editor-1636041\" class=\"ct-text-editor \" data-wow-delay=\"ms\">\n\t<div class=\"ct-item--inner\">\n\t\t<div class=\"ct-inline-css\"  data-css=\"\n\t        \t\t\t\">\n\n\t    <\/div>\n\t\t<div class=\"ct-text-editor elementor-clearfix\">\n\t\t\t<p>\u00a0<\/p><h3><strong>1. ASPECTOS GENERALES<\/strong><\/h3><p>GREENPUBLICIDAD S.A.S. es una sociedad constituida conforme a las leyes colombianas, identificada con NIT. 900.527.455-5, con domicilio en la ciudad de Cali Valle., quien para los efectos de los presentes T\u00e9rminos y Condiciones de Uso de la Plataforma GREENCUPONES (en adelante, \u201cT\u00e9rminos y Condiciones\u201d) se denominar\u00e1 \u201cGREENCUPONES\u201d.<\/p><p>\u00a0<\/p><h3>2.\u00a0 DEFINICIONES<\/h3><p><strong>\u00a0<\/strong><\/p><ol><li><strong>Aliado Comercial: <\/strong>Persona natural o jur\u00eddica que exhibe, ofrece, descuentos a trav\u00e9s de la Plataforma GREENCUPONES, para que los mismos sean adquiridos por los Usuarios\/Consumidores.<\/li><li><strong>Cr\u00e9ditos: <\/strong>Significan los intangibles con los que cuenta el Usuario\/Consumidor en la secci\u00f3n denominada \u201cPromos y Cr\u00e9ditos\u201d al interior de la Plataforma GREENCUPONES, con los cuales puede adquirir los productos y\/o servicios exhibidos en la Plataforma GREENCUPONES.<\/li><li><strong>Datos Personales<\/strong>: Es toda informaci\u00f3n que permite identificar o hacer identificable a una persona natural.<\/li><li><strong>Plataforma GreenCupones: <\/strong>Plataforma virtual compuesta por una aplicaci\u00f3n para dispositivos m\u00f3viles y una p\u00e1gina web por medio de la cual los Aliados Comerciales exhiben, ofrecen y comercializan productos y\/o servicios con descuentos para que sean adquiridos por los Usuarios\/Consumidores.<\/li><li><strong>Titular: <\/strong>Persona natural cuyos Datos Personales son objeto de Tratamiento.<\/li><li><strong>Tratamiento: <\/strong>Es cualquier operaci\u00f3n o conjunto de operaciones sobre Datos Personales, tales como la recolecci\u00f3n, almacenamiento, uso, circulaci\u00f3n o supresi\u00f3n.<\/li><li><strong>Usuario\/Consumidor: <\/strong>Persona natural que, como destinatario final, utiliza la Plataforma GREENCUPONES para adquirir los descuentos exhibidos, ofrecidos y comercializados por los Aliados Comerciales a trav\u00e9s de la misma.<\/li><\/ol><h3>3.\u00a0 OBJETO<\/h3><p>Los presentes T\u00e9rminos y Condiciones regulan la autorizaci\u00f3n de uso que otorga GREENCUPONES a los Usuarios\/Consumidores para que \u00e9stos ingresen a la Plataforma GREENCUPONES, se informen sobre los productos y servicios exhibidos, con descuentos ofrecidos y comercializados por los Aliados Comerciales, y puedan adquirir los mismos a trav\u00e9s de la Plataforma GREENCUPONES.<\/p><p>\u00a0<\/p><h3>4.\u00a0 ACEPTACI\u00d3N DE LOS T\u00c9RMINOS Y CONDICIONES<\/h3><p>El Usuario\/Consumidor, al momento de registrarse en la Plataforma GREENCUPONES, voluntariamente acepta de manera previa, expresa e informada el contenido de los presentes T\u00e9rminos y Condiciones en su totalidad, por lo cual, se obliga irrevocablemente a \u00e9stos.<\/p><p>La persona natural que acepta los presentes T\u00e9rminos y Condiciones declara y garantiza ser el Usuario\/Consumidor que har\u00e1 uso de la Plataforma GREENCUPONES.<\/p><p>\u00a0<\/p><h3>5.\u00a0 FUNCIONAMIENTO DE LA PLATAFORMA GREENCUPONES<\/h3><p>La Plataforma GREENCUPONES es una plataforma virtual, por medio de la cual se pueden conectar: (i) los Aliados Comerciales; (ii) los Usuarios\/Consumidores. As\u00ed, a trav\u00e9s de la Plataforma GREENCUPONES, los Aliados Comerciales pueden exhibir sus productos y\/o servicios, con descuentos con el fin de que sean adquiridos por los\u00a0 Usuarios\/Consumidores.<\/p><p>Es importante aclarar que GREENCUPONES no comercializa productos y\/o servicios ni presta servicios de log\u00edstica y\/o entrega a los Usuarios\/Consumidores. Los precios, cantidad, disponibilidad y caracter\u00edsticas de los productos y\/o servicios exhibidos en la Plataforma GREENCUPONES son determinados directamente por los Aliados Comerciales y no por GREENCUPONES.<\/p><p>Teniendo esto en cuenta, y en virtud del art\u00edculo 53 de la Ley 1480 de 2011 y la Gu\u00eda para la protecci\u00f3n del consumidor de comercio electr\u00f3nico, emitida por la Superintendencia de Industria y Comercio, GREENCUPONES es un portal de contacto.<\/p><p>\u00a0<\/p><h3>6.\u00a0 DEBERES DEL USUARIO\/CONSUMIDOR<\/h3><p>En virtud de la aceptaci\u00f3n de los presentes T\u00e9rminos y Condiciones, el Usuario\/Consumidor se obliga a:<\/p><p>(i) Ingresar sus Datos Personales de manera veraz al momento de registrarse en la Plataforma GREENCUPONES;<\/p><p>(ii) Abstenerse de transferir a terceros los datos de validaci\u00f3n de su cuenta en la Plataforma GREENCUPONES;<\/p><p>(iii) Notificar a GREENCUPONES respecto de cualquier uso no autorizado de su cuenta al interior de la Plataforma GREENCUPONES;<\/p><p>(iv)Abstenerse de utilizar la Plataforma GREENCUPONES para realizar actos contrarios a la moral, la ley, el orden p\u00fablico, y las buenas costumbres en contra de GREENCUPONES, los Aliados Comerciales, y\/o de terceros;<\/p><p>(v) Abstenerse de solicitar compensaciones que falten a la verdad. De igual manera, en el caso en el que el Usuario\/Consumidor presente una reclamaci\u00f3n a trav\u00e9s de la Plataforma GREENCUPONES, deber\u00e1 aportar fotos veraces y relacionadas con la orden y\/o producto respecto del cual se interpone la reclamaci\u00f3n, entendi\u00e9ndose que dichas fotos deber\u00e1n acreditar el error y\/o inconveniente que se presente con la ordeny\/o producto respecto del cual se interpone la reclamaci\u00f3n;<\/p><p>(vi) Recibir los productos solicitados a trav\u00e9s de la Plataforma GREENCUPONES;<\/p><p>(vii) Verificar que los productos y\/o servicios solicitados por medio de la Plataforma GREENCUPONES correspondan a los solicitados por el Usuario\/Consumidor;<\/p><p>(viii) Informarse sobre las instrucciones de uso y consumo de los productos solicitados a trav\u00e9s de la Plataforma GREENCUPONES;<\/p><p>(ix) Asegurarse que los datos de la orden (productos, direcci\u00f3n de entrega, entre otros) sean correctos antes de solicitar la misma;<\/p><p>(x) Abstenerse de realizar conductas que atenten en contra del funcionamiento de la Plataforma GREENCUPONES;\u00a0<\/p><p>(xi) Abstenerse de suplantar la identidad de otros Usuarios\/Consumidores;<\/p><p>(xii) Abstenerse de descifrar, descompilar o desensamblar cualquier elemento de la Plataforma GREENCUPONES;<\/p><p>(xiii) \u00a0El Usuario\/Consumidor reconoce y acepta que GREENCUPONES se reserva el derecho de desactivar las cuentas que no cumplan con estos par\u00e1metros;<\/p><p>(xiv) Mantener custodia del dispositivo m\u00f3vil o port\u00e1til por medio del cual accede a la Plataforma GREENCUPONES, garantizando que terceros no tengan acceso indebido a la Plataforma GREENCUPONES por acciones u omisiones del Usuario\/Consumidor. Se aclara que, en caso de que se evidencie que el Usuario\/Consumidor no ha custodiado en debida forma su dispositivo m\u00f3vil o port\u00e1til, GREENCUPONES no tendr\u00e1 ning\u00fan tipo de responsabilidad por accesos no autorizados por parte de terceros a la Plataforma<\/p><p><strong>Par\u00e1grafo primero. <\/strong>Al solicitar la orden a trav\u00e9s de la Plataforma GREENCUPONES, el Usuario\/Consumidor acepta de manera irrevocable los costos (valor de los productos, costo de env\u00edo, tarifa de servicio, entre otros).<\/p><p><strong>Par\u00e1grafo segundo. <\/strong>Los representantes legales de los Usuarios\/Consumidores que sean menores de edad declaran expresamente que han autorizado a estos \u00faltimos su registro en la Plataforma GREENCUPONES, entendi\u00e9ndose que son responsables por el uso de la Plataforma GREENCUPONES por parte de los Usuarios\/Consumidores menores de edad.<\/p><p>Ante el incumplimiento de cualquiera de las obligaciones contenidas en la presente secci\u00f3n, GREENCUPONES se reserva el derecho de bloquear definitivamente la cuenta del Usuario\/Consumidor en la Plataforma GREENCUPONES.<\/p><p>\u00a0<\/p><h3>7.\u00a0 DEBERES DE GREENCUPONES<\/h3><p>En virtud de los presentes T\u00e9rminos y Condiciones GREENCUPONES se obliga a:<\/p><p>(i) Informar de forma clara, actualizada, y suficiente en la Plataforma GREENCUPONES los datos de contacto e identificaci\u00f3n de GREENCUPONES;<\/p><p>(ii) Establecer en la Plataforma GREENCUPONES un enlace visible y f\u00e1cilmente identificable que le permita al Usuario\/Consumidor ingresar a la p\u00e1gina de la Superintendencia de Industria y Comercio;<\/p><p>(iii) Informar suficientemente a los Usuarios\/Consumidores sobre los m\u00e9todos de pago habilitados al interior de la Plataforma GREENCUPONES;<\/p><p>(iv) Poner a disposici\u00f3n de los Usuarios\/Consumidores los T\u00e9rminos y Condiciones de uso de la Plataforma GREENCUPONES de forma actualizada.<\/p><p><strong>Par\u00e1grafo primero. <\/strong>Los Usuarios\/Consumidores reconocen y aceptan que GREENCUPONES es un portal de contacto y, como tal, no es quien exhibe, ofrece y\/o comercializa los productos y\/o servicios en la Plataforma GREENCUPONES. En consecuencia, los Usuarios\/Consumidores reconocen y aceptan que GREENCUPONES no es responsable por la calidad, precio, estado e integridad de los productos y\/o servicios de los Aliados Comerciales, adquiridos por medio de la Plataforma GREENCUPONES.<\/p><p><strong>Par\u00e1grafo segundo. <\/strong>El Aliado Comercial, al ser quien exhibe, ofrece y comercializa los productos y\/o servicios a trav\u00e9s de la Plataforma GREENCUPONES, es el \u00fanico responsable de: (i) cumplir a cabalidad las normas relativas a la publicidad, promoci\u00f3n comercial y rotulado que le sean aplicables a sus productos y\/o servicios;<\/p><p>(ii) contar con los permisos y licencias de las autoridades competentes para exhibir, ofrecer, y comercializar los productos y\/o servicios a trav\u00e9s de la Plataforma GREENCUPONES;(iii) cumplir con todas aquellas normas relativas a la comercializaci\u00f3n de productos y servicios, incluyendo sin limitaci\u00f3n la Ley 1480 de 2011.<\/p><p><strong>Par\u00e1grafo tercero. <\/strong>El Usuario\/Consumidor reconoce y acepta que los Repartidores Independientes son terceros independientes de GREENCUPONES, que aceptan el encargo del Usuario\/Consumidor respecto a una orden determinada. En consecuencia, el Usuario\/Consumidor comprende y acepta que los Repartidores Independientes no tienen un v\u00ednculo contractual y\/o de prestaci\u00f3n de servicios con GREENCUPONES y, por ende, \u00e9sta no es responsable por sus acciones u omisiones.<\/p><p>\u00a0<\/p><h3>8.\u00a0 CENTRO DE AYUDA<\/h3><p>El Usuario\/Consumidor dispone del Centro de Ayuda al interior de la Plataforma GREENCUPONES para presentar PQR respecto de las \u00f3rdenes solicitadas a trav\u00e9s de la Plataforma GREENCUPONES. Se aclara que las PQR se tramitar\u00e1n de conformidad con los t\u00e9rminos establecidos por GREENCUPONES, los cuales ser\u00e1n informados a los Usuarios\/Consumidores.<\/p><p>El Usuario\/Consumidor reconoce y acepta que el tr\u00e1mite de las PQR por parte de GREENCUPONES no implica que \u00e9sta sea el productor y\/o proveedor de los productos y\/o servicios exhibidos, ofrecidos, y comercializados por los Aliados Comerciales a trav\u00e9s de la Plataforma GREENCUPONES. Dicho tr\u00e1mite representa un valor agregado que GREENCUPONES pone a disposici\u00f3n del Usuario\/Consumidor, con el objetivo de mejorar su experiencia en la Plataforma GREENCUPONES.<\/p><p>\u00a0<\/p><h3>9.\u00a0 USO INDEBIDO DE LA PLATAFORMA GREENCUPONES<\/h3><p>Sin perjuicio de otras medidas, GREENCUPONES podr\u00e1 bloquear de forma temporal o definitiva la cuenta del Usuario\/Consumidor en la Plataforma GREENCUPONES en el caso en el que se verifique cualquiera de los siguientes eventos: (i) el incumplimiento de la ley colombiana; (ii) el incumplimiento de cualquiera de las disposiciones de los presentes T\u00e9rminos y Condiciones; (c) si el Usuario\/Consumidor incurre en conductas en detrimento de GREENCUPONES y\/o de terceros; (d) si no pudiera confirmarse la identidad del Usuario\/Consumidor o cualquier informaci\u00f3n proporcionada por el mismo fuere err\u00f3nea.<\/p><p><strong>Par\u00e1grafo primero. <\/strong>Con el objetivo de proteger a los Usuarios\/Consumidores y promover un uso seguro de la Plataforma GREENCUPONES, GREENCUPONES se reserva el derecho de cancelar cualquier orden que se genere en medio de un posible evento de fraude. GREENCUPONES realizar\u00e1 las verificaciones correspondientes y cancelar\u00e1 la orden sin previo aviso al Usuario\/Consumidor.<\/p><p><strong>Par\u00e1grafo segundo. <\/strong>En el caso en el que se presente cualquiera de las situaciones descritas en la presente secci\u00f3n, GREENCUPONES se compromete a colaborar con las autoridades correspondientes, y, ante una orden judicial, se reserva el derecho de realizar un an\u00e1lisis forense sobre los dispositivos del Usuario\/Consumidor<\/p><p>\u00a0<\/p><h3>10. INDEMNIDAD<\/h3><p>El Usuario\/Consumidor se obliga a defender y mantener indemne a GREENCUPONES por cualquier hecho que resulte del uso no autorizado de la Plataforma GREENCUPONES por parte del Usuario\/Consumidor, o de cualquier incumplimiento de los presentes T\u00e9rminos y Condiciones.<\/p><p>\u00a0<\/p><h3>11.\u00a0 GARANT\u00cdA<\/h3><p>El Usuario\/Consumidor reconoce y acepta que el tr\u00e1mite de la garant\u00eda del producto y\/o servicio adquirido por medio de la Plataforma GREENCUPONES lo debe realizar directamente ante el Aliado Comercial respectivo, quien funge como productor\/proveedor de los productos y\/o servicios en menci\u00f3n. En consecuencia, el Usuario\/Consumidor reconoce que GREENCUPONES, en su calidad de portal de contacto, no est\u00e1 obligada a responder por la garant\u00eda de los productos y\/o servicios exhibidos, ofrecidos y comercializados por los Aliados Comerciales a trav\u00e9s de la Plataforma GREENCUPONES, en virtud de la Ley 1480 de 2011 y la Gu\u00eda para la protecci\u00f3n del consumidor de comercio electr\u00f3nico, emitida por la Superintendencia de Industria y Comercio.<\/p><p>\u00a0<\/p><h3>12.\u00a0 DERECHO DE RETRACTO<\/h3><p>En el caso en el que el Usuario\/Consumidor desee ejercer el derecho de retracto respecto de un producto y\/o servicio adquirido a trav\u00e9s de la Plataforma GREENCUPONES, el Usuario\/Consumidor deber\u00e1 acercarse con la factura de venta directamente al establecimiento de comercio del Aliado Comercial respectivo, en los casos donde sea procedente y exigible seg\u00fan lo establecido en el art\u00edculo 47 de la Ley 1480 de 2011.<\/p><p>\u00a0<\/p><h3>13.\u00a0 Del Usuario\/Consumidor<\/h3><p>podr\u00e1 registrarse en la Plataforma con los Datos Personales registrados en las redes sociales Facebook y Google +, en caso de tener cuenta en las mismas. El Tratamiento de los Datos Personales de los Usuarios\/Consumidores se describe en la Pol\u00edtica de Privacidad de GREENCUPONES<\/p><p>\u00a0<\/p><h3>14.\u00a0 PRECIOS EXHIBIDOS EN LA PLATAFORMA GREENCUPONES<\/h3><p>Los precios de los productos y\/o servicios exhibidos en la Plataforma GREENCUPONES son fijados por los Aliados Comerciales, quienes fungen como proveedores y\/o productores de los mismos. Cuando por errores de car\u00e1cter tecnol\u00f3gico se exhiban precios err\u00f3neos de los productos y\/o servicios comercializados por los Aliados Comerciales a trav\u00e9s de la Plataforma GREENCUPONES, en aras de proteger el derecho del consumidor a recibir informaci\u00f3n veraz y suficiente, GREENCUPONES y\/o los Aliados Comerciales podr\u00e1n cancelar las \u00f3rdenes que se basen en dichos productos y\/o servicios, lo cual ser\u00e1 informado al Usuario\/Consumidor.<\/p><p>\u00a0<\/p><h3>15.\u00a0 TARIFA DE SERVICIO POR EL USO DE LA PLATAFORMA GREENCUPONES<\/h3><p><strong>\u00a0<\/strong><\/p><p>Mediante la aceptaci\u00f3n de estos T\u00e9rminos y Condiciones, los Usuarios\/Consumidores aceptan que GREENCUPONES no cobra una tarifa por el uso de la Plataforma GREENCUPONES.<\/p><p>\u00a0<\/p><h3>16.\u00a0 DISPONIBILIDAD DE LOS PRODUCTOS Y SERVICIOS<\/h3><p><strong>\u00a0<\/strong><\/p><p>El Usuario\/Consumidor reconoce y acepta que GREENCUPONES no es el productor, proveedor, expendedor, agente y\/o distribuidor de los productos y\/o servicios exhibidos en la Plataforma GREENCUPONES. Por lo anterior, GREENCUPONES no es responsable por la falta de disponibilidad de los productos y\/o servicios exhibidos, ofrecidos y comercializados por los Aliados Comerciales a trav\u00e9s de la Plataforma GREENCUPONES.<\/p><h3>\u00a0<\/h3><h3>17.\u00a0 ADQUISICI\u00d3N DE BEBIDAS ALCOH\u00d3LICAS, TABACO, Y DERIVADOS DEL TABACO<\/h3><h3><strong>\u00a0<\/strong><\/h3><p>Los productos de uso restringido, tales como tabaco y bebidas alcoh\u00f3licas solo podr\u00e1n ser solicitados por el Usuario\/Consumidor que acredite ser mayor de edad, todo lo cual debe ser manifestado de manera expresa al momento de registrarse en la Plataforma GREENCUPONES y\/o de seleccionar el producto respectivo.<\/p><p>En el caso en el que el Repartidor Independiente identifique al momento de la entrega que el Usuario\/Consumidor no es mayor de edad, no efectuar\u00e1 la entrega de los productos al Usuario\/Consumidor, entendi\u00e9ndose que, en dicho caso, GREENCUPONES y\/o el Repartidor Independiente no tendr\u00e1n ning\u00fan tipo de responsabilidad por la no entrega de los productos.<\/p><p>Sin perjuicio de las medidas que toma GREENCUPONES para evitar que las bebidas alcoh\u00f3licas y los derivados del tabaco sean adquiridos por menores de edad, los representantes legales de los Usuarios\/Consumidores que sean menores de edad son responsables de que la Plataforma GREENCUPONES sea usada por dichos Usuarios\/Consumidores en cumplimiento de estos T\u00e9rminos y Condiciones y de la ley aplicable.<\/p><p>\u00a0<\/p><h3>18.\u00a0 ADQUISICI\u00d3N DE MEDICAMENTOS QUE REQUIERAN F\u00d3RMULA M\u00c9DICA<\/h3><p><strong>\u00a0<\/strong><\/p><p>El Usuario\/Consumidor deber\u00e1 presentar y\/o suministar la f\u00f3rmula m\u00e9dica para la adquisici\u00f3n de aquellos medicamentos que as\u00ed lo requieran. Se aclara que el Aliado Comercial realizar\u00e1 la validaci\u00f3n de dicho documento. En el caso en el que el Aliado Comercial no pueda validar el documento, se proceder\u00e1 a cancelar la orden del Usuario\/Consumidor a trav\u00e9s de la Plataforma GREENCUPONESi.<\/p><p>\u00a0<\/p><h3>19.\u00a0 DISPONIBILIDAD DE LA PLATAFORMA GREENCUPONES<\/h3><p><strong>\u00a0<\/strong><\/p><p>GREENCUPONES no garantiza la disponibilidad o el tiempo de operaci\u00f3n de la Plataforma GREENCUPONES. En caso de inestabilidad o inconvenientes t\u00e9cnicos mayores de la misma, GREENCUPONES no tendr\u00e1 responsabilidad alguna frente al Usuario\/Consumidor, pero har\u00e1 sus mejores esfuerzos para estabilizar su operatividad.<\/p><p>Las tiendas virtuales de los Aliados Comerciales y\/o los botones de la Plataforma GREENCUPONES se encuentran sujetos a los horarios de operaci\u00f3n de los Aliados Comerciales.<\/p><p>\u00a0<\/p><p>\u00a0<\/p><h3>20.\u00a0 BENEFICIOS OTORGADOS POR GREENCUPONES<\/h3><p><strong>\u00a0<\/strong><\/p><p>GREENCUPONES podr\u00e1 otorgar a los Usuarios\/Consumidores de la Plataforma GREENCUPONES, descuentos, beneficios propios de programas segmentados al interior de la Plataforma GREENCUPONES, cr\u00e9ditos, cupones, entre otros, con el fin de incentivar el uso de la Plataforma GREENCUPONES por parte de los Usuarios\/Consumidores (en adelante \u201cIncentivos\u201d). Se aclara que la redenci\u00f3n de los Incentivos por parte de los Usuarios\/Consumidores es voluntaria, entendi\u00e9ndose que aquellos Usuarios\/Consumidores que rediman dichos Incentivos se encuentran sujetos a los t\u00e9rminos y condiciones espec\u00edficos de los mismos.<\/p><p>\u00a0<\/p><h3>21.\u00a0 DOMICILIO Y LEGISLACI\u00d3N APLICABLE<\/h3><p><strong>\u00a0<\/strong><\/p><p>Los presentes T\u00e9rminos y Condiciones se rigen bajo la ley aplicable en la Rep\u00fablica de Colombia.<\/p><p>\u00a0<\/p><h3>22.\u00a0 PROHIBICI\u00d3N DEL TRABAJO INFANTIL<\/h3><p><strong>\u00a0<\/strong><\/p><p>GREENCUPONES reconoce y protege los derechos b\u00e1sicos de la infancia en concordancia con los preceptos establecidos en el principio 5 del Global Compact, en la Convenci\u00f3n sobre los derechos del ni\u00f1o, en La Carta Internacional de los Derechos Humanos de las Naciones Unidas y en las normas establecidas por la Organizaci\u00f3n Internacional del Trabajo (OIT) sobre trabajo infantil.<\/p><p>En este sentido, GREENCUPONES propende por la protecci\u00f3n de derechos infantiles y se regir\u00e1 bajo los siguientes principios:<\/p><ul><li>Cumplir con las disposiciones en materia de edad m\u00ednima establecidas en el proceso de selecci\u00f3n de personal de la empresa.<\/li><li>Implementar mecanismos adecuados y fiables para la verificaci\u00f3n de la edad de contrataci\u00f3n (c\u00e9dula de ciudadan\u00eda o contrase\u00f1a).<\/li><li>Conservar registros precisos y actualizados de los trabajadores.<\/li><li>Se emplear\u00e1n los mejores esfuerzos para cumplir con los prop\u00f3sitos de la presente pol\u00edtica. En caso de presentarse un caso donde se verifique un incumplimiento a la misma, retirar inmediatamente del trabajo a los menores que no hayan alcanzado la edad legal para trabajar con el acompa\u00f1amiento que ello implique.<\/li><li>Incluir cl\u00e1usulas contractuales para los subcontratistas, proveedores y otros asociados comerciales que supongan compromisos firmes para la erradicaci\u00f3n del trabajo infantil.<\/li><\/ul><p>\u00a0<\/p><h3>23.\u00a0 MODIFICACIONES<\/h3><p><strong>\u00a0<\/strong><\/p><p>GREENCUPONES podr\u00e1 modificar aut\u00f3nomamente y en cualquier momento aspectos formales, procedimentales o sustanciales de los presentes T\u00e9rminos y Condiciones de uso de la Plataforma GREENCUPONES, los cuales ser\u00e1n actualizados y puestos a disposici\u00f3n de los Usuarios\/Consumidores.<\/p><p>\u00a0<\/p>\t\t\n\t\t<\/div>\n\t<\/div>\n<\/div>\t\t<\/div>\n\t\t\t\t<\/div>\n\t\t            <\/div>\n        <\/div>\n                            <\/div>\n        <\/section>\n        \t\t\t\t\t<\/div>\n\t\t","protected":false},"excerpt":{"rendered":"<p>Colombia T\u00e9rminos y Condiciones de Uso de la Plataforma GreenCupones \u00a0 1. ASPECTOS GENERALES GREENPUBLICIDAD S.A.S. es una sociedad constituida conforme a las leyes colombianas, identificada con NIT. 900.527.455-5, con domicilio en la ciudad de Cali Valle., quien para los efectos de los presentes T\u00e9rminos y Condiciones de Uso de la Plataforma GREENCUPONES (en adelante, [&hellip;]<\/p>\n","protected":false},"author":1,"featured_media":0,"parent":0,"menu_order":0,"comment_status":"closed","ping_status":"closed","template":"","meta":{"_joinchat":[],"footnotes":""},"class_list":["post-8279","page","type-page","status-publish","hentry"],"_links":{"self":[{"href":"https:\/\/greencupones.com\/web\/wp-json\/wp\/v2\/pages\/8279","targetHints":{"allow":["GET"]}}],"collection":[{"href":"https:\/\/greencupones.com\/web\/wp-json\/wp\/v2\/pages"}],"about":[{"href":"https:\/\/greencupones.com\/web\/wp-json\/wp\/v2\/types\/page"}],"author":[{"embeddable":true,"href":"https:\/\/greencupones.com\/web\/wp-json\/wp\/v2\/users\/1"}],"replies":[{"embeddable":true,"href":"https:\/\/greencupones.com\/web\/wp-json\/wp\/v2\/comments?post=8279"}],"version-history":[{"count":8,"href":"https:\/\/greencupones.com\/web\/wp-json\/wp\/v2\/pages\/8279\/revisions"}],"predecessor-version":[{"id":9358,"href":"https:\/\/greencupones.com\/web\/wp-json\/wp\/v2\/pages\/8279\/revisions\/9358"}],"wp:attachment":[{"href":"https:\/\/greencupones.com\/web\/wp-json\/wp\/v2\/media?parent=8279"}],"curies":[{"name":"wp","href":"https:\/\/api.w.org\/{rel}","templated":true}]}}